
-314
In base 10, what is -5 + -235?
-240
In base 15, what is 24 - 7?
1c
In base 8, what is -4 + -2737?
-2743
In base 13, what is 11 + -23?
-12
In base 14, what is -4 - -15?
11
In base 15, what is -de + -1?
-e0
In base 10, what is 1 - 3011?
-3010
In base 9, what is 2 - -1537?
1540
In base 15, what is -895 - 1?
-896
In base 3, what is 111000111 - 1?
111000110
In base 15, what is -241 + 5?
-23b
In base 8, what is 103 + 2?
105
In base 14, what is -b + -35?
-42
In base 7, what is 4000 - -2?
4002
In base 2, what is 100010000 + 11?
100010011
In base 2, what is 10100101 - -10?
10100111
In base 14, what is 5 + 39?
40
In base 5, what is 2 - -423?
430
In base 9, what is -2 - 20?
-22
In base 5, what is -10203 + 0?
-10203
In base 6, what is 1 + -230?
-225
In base 10, what is -195 - -25?
-170
In base 4, what is 3 + -300?
-231
In base 6, what is 4 - -422?
430
In base 7, what is 3 + 303?
306
In base 4, what is -203120 + -1?
-203121
In base 9, what is 0 - -77?
77
In base 13, what is -48 - 2?
-4a
In base 4, what is 22 + -1230?
-1202
In base 11, what is -5 - -415?
410
In base 14, what is a - 2?
8
In base 14, what is -88 - -4?
-84
In base 7, what is -1531 + 11?
-1520
In base 10, what is 3 - -1677?
1680
In base 11, what is -83 - -23?
-60
In base 2, what is 11001000 - -1?
11001001
In base 12, what is -1a4 - -4?
-1a0
In base 7, what is 26 - 3?
23
In base 4, what is -10 + 1131?
1121
In base 13, what is -2825 + -3?
-2828
In base 5, what is 430 - -111?
1041
In base 16, what is 5 - ed?
-e8
In base 8, what is -1 - -567?
566
In base 4, what is 2010312 - 11?
2010301
In base 3, what is -1021 - 110102?
-111200
In base 10, what is 6 + -2582?
-2576
In base 6, what is 4 + 3302?
3310
In base 6, what is -14 - 2?
-20
In base 12, what is -7 + 535?
52a
In base 10, what is 1416 - 0?
1416
In base 6, what is 10321 + -12?
10305
In base 7, what is -240 + 65?
-142
In base 10, what is -525 - 0?
-525
In base 7, what is -133 + 3?
-130
In base 11, what is 543 + -4?
53a
In base 15, what is 22 - -33?
55
In base 6, what is -5 + -20414?
-20423
In base 8, what is -404 + -6?
-412
In base 14, what is 0 - 11?
-11
In base 8, what is 17 - 1?
16
In base 4, what is -1 - -1002?
1001
In base 14, what is -24dd + -1?
-2500
In base 8, what is 4 + -55?
-51
In base 13, what is 1 + 1597?
1598
In base 3, what is -110122 + 2?
-110120
In base 15, what is c + 2d?
3a
In base 11, what is -5 - 35?
-3a
In base 3, what is -22 + 111011?
110212
In base 5, what is 120 + 1?
121
In base 7, what is -4543 + 5?
-4535
In base 6, what is -5 + -14255?
-14304
In base 16, what is -1 + -13?
-14
In base 9, what is 0 + 1445?
1445
In base 12, what is 98 - 0?
98
In base 3, what is -21 + -102?
-200
In base 9, what is 0 + 171?
171
In base 2, what is -11 + 100010111?
100010100
In base 6, what is 3 + 13411?
13414
In base 13, what is -7ca - -3?
-7c7
In base 16, what is -4 - 15?
-19
In base 14, what is 14 - b?
7
In base 13, what is -94c0 - -4?
-94b9
In base 16, what is aa + 6?
b0
In base 10, what is -4 - -154?
150
In base 7, what is -4 - 12214?
-12221
In base 10, what is 1 - 1?
0
In base 10, what is -2 - -18?
16
In base 16, what is -2f - a?
-39
In base 7, what is 2316 + 3?
2322
In base 6, what is -114 - 52?
-210
In base 2, what is -111 - -1010100101?
1010011110
In base 5, what is 4 + 102?
111
In base 12, what is -4 - 18?
-20
In base 6, what is -5 - -205?
200
In base 6, what is 5 - -513?
522
In base 3, what is -2201 + -1002?
-10210
In base 10, what is -26 + -635?
-661
In base 13, what is -1 - -1b?
1a
In base 9, what is -76 + 5?
-71
In base 5, what is 4 - -3?
12
In base 11, what is -1a - 20?
-3a
In base 15, what is 5 + -3e?
-39
In base 5, what is 1101 - 2?
1044
In base 15, what is -2 - -37?
35
In base 11, what is -136 - -4?
-132
In base 10, what is 701 + -2?
699
In base 2, what is 101100010111 - 1?
101100010110
In base 9, what is 4 - 335?
-331
In base 7, what is 1414 + 0?
1414
In base 8, what is 16 + 105?
123
In base 6, what is -5 + 132?
123
In base 5, what is 2 - -442?
444
In base 9, what is -13 - 2?
-15
In base 16, what is -5 - -54?
4f
In base 3, what is 10010 + -21?
2212
In base 5, what is -20 + 2233?
2213
In base 3, what is -10200 + -121?
-11021
In base 5, what is -32 - 1114?
-1201
In base 2, what is -10 - 11000?
-11010
In base 7, what is -1 + -11?
-12
In base 7, what is -3 + 34?
31
In base 11, what is 3 - -697?
69a
In base 14, what is -5 + -1ac?
-1b3
In base 9, what is 67 + 1?
68
In base 3, what is 0 + 1102?
1102
In base 2, what is 1011 - 1?
1010
In base 11, what is 1 + -214?
-213
In base 10, what is 0 - 355?
-355
In base 12, what is -2 + -19a?
-1a0
In base 4, what is -122220 - 10?
-122230
In base 13, what is 7 + -12?
-8
In base 13, what is 28 + -6?
22
In base 9, what is 4 + 102?
106
In base 15, what is 2 - 1ba4?
-1ba2
In base 5, what is -3 + -241?
-244
In base 14, what is 57 - -35?
8c
In base 9, what is -3313 - -2?
-3311
In base 15, what is -4953 - 1?
-4954
In base 11, what is 6 - -2267?
2272
In base 8, what is -7224 - -2?
-7222
In base 14, what is 1 - -5c?
5d
In base 5, what is 4 - -12430?
12434
In base 14, what is 3d + -18?
25
In base 3, what is 22 - 112211?
-112112
In base 5, what is -43 + -4110?
-4203
In base 16, what is 73e - -1?
73f
In base 3, what is 20 - -1201?
1221
In base 11, what is -5 + 11?
7
In base 7, what is 1 - -133?
134
In base 6, what is -13 - 4352?
-4405
In base 5, what is -20 - -32243?
32223
In base 5, what is -10 - 1144?
-1204
In base 15, what is 2a31 + 4?
2a35
In base 14, what is 3 - -135?
138
In base 15, what is 1ca + -1?
1c9
In base 5, what is -3 - 1310?
-1313
In base 6, what is -2132 - 3?
-2135
In base 14, what is -1 + -19?
-1a
In base 10, what is -2 - 78?
-80
In base 10, what is 8 + 18?
26
In base 4, what is -301233 + 1?
-301232
In base 15, what is 4 - 9a?
-96
In base 15, what is -2a + 106?
cb
In base 4, what is -133 + 101121?
100322
In base 2, what is 101010 + -10011111?
-1110101
In base 4, what is 31030 - -3?
31033
In base 9, what is -8012 - 4?
-8016
In base 10, what is 2 - -54?
56
In base 12, what is -28 + 77?
4b
In base 15, what is -33 - 4?
-37
In base 7, what is 4 - -261?
265
In base 4, what is -2 + -111?
-113
In base 4, what is -110 + 112?
2
In base 15, what is 4 - -71?
75
In base 9, what is -31 + 75?
44
In base 15, what is -90 + 1?
-8e
In base 11, what is 3 - -a87?
a8a
In base 5, what is 401 + 40?
441
In base 5, what is -1 + 14002?
14001
In base 14, what is 2 - -14ab?
14ad
In base 8, what is -74 - 254?
-350
In base 5, what is -2 - 1022?
-1024
In base 2, what is -10 - 1010111?
-1011001
In base 5, what is 0 + -423?
-423
In base 12, what is -24 - -9?
-17
In base 13, what is -1325 - 5?
-132a
In base 16, what is ef + 20?
10f
In base 16, what is 9c - 3?
99
In base 5, what is 2 + -2342?
-2340
In base 4, what is 3 - -1133?
1202
In base 3, what is 10 + -1101?
-1021
In base 11, what is 0 - 1872?
-1872
In base 12, what is 15a9 + 4?
15b1
In base 4, what is -10 + 311?
301
In base 12, what is 95 + 10?
a5
In base 11, what is 16 + -129?
-113
In base 13, what is 53c1 - 3?
53bb
In base 8, what is 126 - 11?
115
In base 4, what is -2203 + 11?
-2132
In base 13, what is -12 + 130?
11b
In base 7, what is 1200 - -1?
1201
In base 6, what is 0 + -344?
-344
In base 3, what is 1011202 + 1?
1011210
In base 4, what is -201 + 301?
100
In base 11, what is -193 - -5?
-189
In base 3, what is 12 - 210?
-121
In base 11, what is 6 + a?
15
In base 3, what is 2 - 12022?
-12020
In base 8, what is 3 - 43?
-40
In base 8, what is 3 - 55?
-52
In base 4, what is -2010022 + -10?
-2010032
In base 14, what is -bc - 5?
-c3
In base 6, what is -4 + -1542?
-1550
In base 7, what is 201 + 21?
222
In base 5, what is -3122 - 1?
-3123
In base 14, what is d + 1c4?
1d3
In base 9, what is -18 + 1505?
1476
In base 14, what is 3 - d1?
-cc
In base 12, what is 19476 + -1?
19475
In base 4, what is 121 - -1?
122
In base 6, what is -1 - 2155?
-2200
In base 3, what is 210211 - 12?
210122
In base 3, what is -10021 + -10200?
-20221
In base 13, what is 2 - -2?
4
In base 10, what is 46 - -32?
78
In base 5, what is 10 - -1321?
1331
In base 12, what is 4 + -34?
-30
In base 14, what is 8 + 2a?
34
In base 16, what is 20d - 4?
209
In base 4, what is 30 - -223?
313
In base 2, what is 110000 - 11?
101101
In base 3, what is 12101 + 10?
12111
In base 15, what is 2 - -4a?
4c
In base